
5
Suppose 4*o = -4*k + 2*o + 552, -3*k - 2*o + 415 = 0. Let h = -103 + 131. Calculate the remainder when k is divided by h.
25
Let n = -28 + 47. Calculate the remainder when 56 is divided by n.
18
Let d = -7 - -18. Suppose 145*z - 989 = 122*z. Calculate the remainder when z is divided by d.
10
Let y = -16 + 2. Let q = y + 23. Calculate the remainder when 9 is divided by q.
0
Suppose 11*f = 2*f + 63. Let k be (-1 - 2/2) + -2. Let b = k + 6. Calculate the remainder when f is divided by b.
1
Suppose -11*x + 3*y + 171 = -9*x, x + 4*y - 113 = 0. Calculate the remainder when x is divided by 33.
27
Let r(y) = 4*y**2 - 11*y + 11. What is the remainder when 68 is divided by r(3)?
12
Let w = -16 - -30. Suppose -11 = -3*c + 13. What is the remainder when w is divided by c?
6
Let r = -487 - -621. What is the remainder when r is divided by 68?
66
Calculate the remainder when ((-294)/30)/(2/(-10)) is divided by 24.
1
Calculate the remainder when 147 is divided by 575/9 + 2/(-72)*-4.
19
Suppose 0 = -3*o + 12, -y + 3*y - 5*o = 6. Let b = y - -9. Calculate the remainder when 64 is divided by b.
20
Let a = 3 + -3. Suppose -5*k + c = -k - 58, a = 5*k + 3*c - 64. Calculate the remainder when k is divided by 8.
6
Let g be (-6)/9 - 1/3. Let m be (-3)/(-9) + g/3. Suppose -2*w - 5*s + 19 = m, -8*s - 5 = -3*s. What is the remainder when 47 is divided by w?
11
Suppose 6*o = 2*o + 8. Suppose -o*w + 76 = -5*j, 0*j - 5*w = 3*j + 58. Let n = -12 - j. What is the remainder when 7 is divided by n?
3
Let c(i) = -14*i + 197 + 47*i - 211. Calculate the remainder when c(4) is divided by 24.
22
Let y(o) = -o**3 + 13*o**2 + 4*o - 27. Calculate the remainder when y(9) is divided by 46.
11
Let c = -1724 - -1738. What is the remainder when (12/(-1))/((-3)/20) is divided by c?
10
Calculate the remainder when 22 is divided by 3*((-47)/(-7) - (-26)/91).
1
Let d(q) = q**2 - 2*q + 9. Calculate the remainder when d(5) is divided by 13.
11
Suppose 116*b - 111*b = 1110. Suppose -82 = -4*x + b. Calculate the remainder when x is divided by 11.
10
Let s(q) = -q**3 + 8*q**2 - q + 13. Calculate the remainder when 9 is divided by s(8).
4
Let y(z) = 2*z**2 - 2*z - 21. Suppose 3*q - 4*k = 204, 15 = k + 4*k. What is the remainder when q is divided by y(5)?
15
Let u = 276 - 266. Suppose k + 17 = 2*k. Calculate the remainder when k is divided by u.
7
Let s be 69/(-4)*8/(-3). Let l be 676/10 + 57/(-95). Let i = l - s. What is the remainder when i is divided by 11?
10
Suppose -2*q - 2*o = -153 - 297, -5*q - 3*o = -1117. Calculate the remainder when q is divided by 33.
23
Let j(y) = 2*y**2 + 76*y + 78. Calculate the remainder when j(-38) is divided by 17.
10
Let c(y) = y**3 - 15*y**2 + 44*y + 33. Calculate the remainder when 61 is divided by c(11).
28
What is the remainder when 43 is divided by 5 + (4 - -3 - 0)?
7
Suppose 4*k - 17 = 3. Suppose m - k*r - 324 = -m, 4*m - 620 = 3*r. Let b = 226 - m. Calculate the remainder when b is divided by 25.
24
Let f = 27 - 47. What is the remainder when ((-41)/(-5))/((-4)/f) is divided by ((-3)/((-30)/55))/(2/8)?
19
Let y(t) = -6*t + 20. What is the remainder when y(-16) is divided by 38?
2
What is the remainder when 38 is divided by (4/2)/((-66)/(-429))?
12
Let f(s) = 49*s - 341. Calculate the remainder when f(8) is divided by 13.
12
Let v = 426 - 411. Let z = -8 - -34. What is the remainder when z is divided by v?
11
Let u = -25 - -25. Calculate the remainder when (-4 + u)*(-14 - -8) is divided by 9.
6
Suppose -2*p + 116 = 3*x - x, 3*x - 112 = -2*p. Let f = p - 20. Calculate the remainder when f is divided by 9.
6
Let s(d) = d**3 + 6*d**2 + 4*d + 13. Let g be s(-6). Let j = g - -27. What is the remainder when 62 is divided by j?
14
Let a = -2767 - -2793. Suppose 3*l = -2*k + 17 + 147, 0 = -3*k + l + 224. Calculate the remainder when k is divided by a.
24
Let t(l) = 8*l - 6. Suppose 48 = 31*r - 27*r. Calculate the remainder when t(8) is divided by r.
10
Suppose -3*z - 25 = 5. Let l = 33 + z. What is the remainder when l is divided by ((-4)/6)/((-32)/288)?
5
Suppose u - 154 = -2*j, -2*j = -u + 3*u - 150. Calculate the remainder when j is divided by 22.
13
Let n(b) = -11*b - 101. What is the remainder when 818 is divided by n(-11)?
18
Suppose 7*h + 11 = 60. What is the remainder when 517 is divided by h?
6
Suppose v = -v - 5*q - 220, 0 = -4*v - 5*q - 440. Let x = v - -72. What is the remainder when 55 is divided by x/(-6)*(7 - 4)?
17
Suppose 5*n = 0, -q - 4*q - 2*n + 375 = 0. Let i(z) = -z**2 + 12*z + 27. Calculate the remainder when q is divided by i(12).
21
Let v(u) = -u**2 + 13*u - 1. Let f(q) = -q**2 + 9*q - 8. Let w be f(6). What is the remainder when v(w) is divided by 10?
9
Let c = 5057 - 5050. Suppose 5*f + 0*f = 3*u + 38, -4 = 2*u + 2*f. Let k(z) = -z**3 - 5*z**2 + 2*z + 3. Calculate the remainder when k(u) is divided by c.
6
Suppose 0 = 5*h + 3*g - 75, 63*h = 67*h - 2*g - 82. Calculate the remainder when 204 is divided by h.
6
Suppose 0 = -n + 4*a - 6*a + 31, 5*n + 3*a = 134. What is the remainder when n is divided by 17 - (-2 + (-20)/(-4))?
11
Suppose 26 = -5*x - 2*b, 0 = -4*x + x - 5*b - 27. Let j = 22 + -1. Let z = x + j. What is the remainder when z is divided by 5?
2
Let o = -12 - -51. Let c = o - -107. What is the remainder when c is divided by 30?
26
Suppose -5*k - 14 - 26 = 0. Calculate the remainder when 109 is divided by 620/22 - k/(-44).
25
Let g(v) = 68*v**2 + v. Calculate the remainder when 397 is divided by g(-1).
62
Suppose -i = -4*y + y - 141, 0 = 5*i + 5*y - 745. What is the remainder when i is divided by (-52 + 37)/(9/(-30))?
47
Suppose 23*q - 5*q = 2502. What is the remainder when q is divided by 77?
62
Let u(x) = 37*x**2 + 4*x + 1. Calculate the remainder when 132 is divided by u(1).
6
Suppose 3*j - 20 = -2*j, -4*f - 4*j + 12 = 0. Let s(m) = -9*m. Calculate the remainder when 3/2*50/3 is divided by s(f).
7
Let d be (-2)/(-15) + 3740/75. Calculate the remainder when ((-880)/d)/((-4)/10) is divided by 9.
8
Suppose -2*c = -5*p + 354, 0 = 3*p - 2*p + 5*c - 87. Let s = -51 + p. Suppose -h = -33 - 7. What is the remainder when h is divided by s?
19
Let l(x) = 12*x + 58. What is the remainder when l(4) is divided by 36?
34
Let x(z) = z**3 - 12*z**2 + 35*z - 12. What is the remainder when 478 is divided by x(8)?
10
Let l = 237 + -232. Calculate the remainder when 32 is divided by l.
2
What is the remainder when 402 is divided by 205*(-9 - (-141)/15)?
74
What is the remainder when ((-8400)/(-32))/(4/8) is divided by 8?
5
Let r = -40 - -57. Let x = 198 - 39. Suppose -4 = 5*q - x. Calculate the remainder when q is divided by r.
14
Let m(g) = 109*g**2 - 42*g + 96. What is the remainder when m(3) is divided by 16?
7
Calculate the remainder when 1488 is divided by ((-1 - 297)/2)/(-90 + 89).
147
Let z = 87 + -63. What is the remainder when z is divided by 3?
0
What is the remainder when 233 - 15/5 - (-8)/2 is divided by 59?
57
Let h(j) = j**3 - 2*j**2 - 8*j - 3. Calculate the remainder when 245 is divided by h(5).
21
Let b(h) = 2*h - 1. Let v(i) = 2*i + 60. Let r be v(0). Suppose 4*u + 24 = r. What is the remainder when u is divided by b(2)?
0
Suppose -12*k + 35 = -7*k. What is the remainder when 10 is divided by k?
3
Let a = 32 - 33. What is the remainder when 42 + -3 - (-2)/a is divided by 8?
5
Let a = -33 + 35. Suppose 5*x - u - 68 = 17, a*x - 4*u = 52. What is the remainder when 28 is divided by x?
12
Suppose -2*a - 10 = 0, 2*l + 3*a + 36 = l. Let d = l + 28. Calculate the remainder when 47 is divided by d.
5
Let k be 70/(-20)*8/(-7). Let m(x) = 9*x - 10. Calculate the remainder when (-150)/(-4)*(11 - 9) is divided by m(k).
23
Let j(d) = -d + 9. Let a = 14 - 11. Suppose 2*s - 4*o - o - 42 = 0, a*o + 23 = s. Calculate the remainder when s is divided by j(5).
3
Let f(w) = w**3 - 5*w**2 + 2*w + 7. Suppose 3 = -2*x + q, -5*x - 2*q - 2*q = -12. Suppose -5*n + 126 + 114 = x. What is the remainder when n is divided by f(5)?
14
Suppose -2*s + 11 = -5*r + 44, 4*r = -5*s. Suppose r*n - 86 = 44. Let v = 6999 + -6922. Calculate the remainder when v is divided by n.
25
Let l = 60 + -64. Calculate the remainder when 167 is divided by (-21)/(1/l*3).
27
Suppose 0 = -5*j - w + 30, 10 = 3*j - 3*w + 2*w. Suppose -h - j + 54 = 0. What is the remainder when h is di